. Let h be (1/w + 2)*-3. Determine m(h).
8
Let p(g) = -g - 3. Let r be (-4)/14 - (-95)/(-35). Let w(s) = -s**2 - s. Let c be w(r). What is p(c)?
3
Let t = 193 + -192. Let u(n) = -11*n**3 - n**2 - n + 1. Calculate u(t).
-12
Let g(a) = 2*a. Let y be 1/(-2) + 63/14. What is g(y)?
8
Suppose 0*t = 3*t + 15. Let a(k) be the first derivative of -3*k**2 + 3*k**2 + k**2 + 7*k + 2. Give a(t).
-3
Suppose 2 - 8 = -3*h. Let t(g) = -h*g - 3*g - g**2 - g + 3*g**2. Calculate t(4).
8
Let s(u) = u**2 - u. Suppose -5*n - 16 = 3*n. Give s(n).
6
Suppose -26 = -9*n + 4*n - 2*f, -20 = -2*n - 4*f. Let a(j) = 34 - 34 - n*j. What is a(-2)?
8
Let n = 0 + 3. Let q(p) = 2*p - n + 1 - p. Let v(d) = 2*d - 1. Let a(w) = -2*q(w) + 3*v(w). Give a(2).
9
Let z(l) = -l + 2. Let t be 130/14 + 6/(-21). Let a(s) = s**3 - 6*s**2 + 6*s + 3. Let g be a(5). Let d = t - g. Determine z(d).
1
Let j(p) be the third derivative of -p**4/24 + 4*p**3/3 + p**2. Let k(f) = f**2 + 4*f - 6. Let m be k(-6). Determine j(m).
2
Suppose 4*q = 4*t + 20, 29 - 13 = 2*q + 4*t. Let d be (6/(-4))/(3/q). Let k be -3*(2 + 1/d). Let u(m) = -2*m - 6. Calculate u(k).
4
Let a(t) = 10*t. Let z(u) = 31*u + 3. Let g(k) = -31*k - 2. Let s(o) = -4*g(o) - 3*z(o). Let f(l) = 7*a(l) - 2*s(l). What is f(-2)?
-14
Suppose -5*c = -5*a + 30, 2*c = -2*a - 3*c - 2. Let b(p) be the first derivative of -p**3/3 + 2*p**2 + p - 3. Determine b(a).
1
Suppose 5*n = 7*n - 4. Let d(u) be the third derivative of -2*u**n + 0*u**4 - 1/60*u**5 + 0*u + 1/3*u**3 + 0. Give d(-2).
-2
Suppose 3 = 3*y - l - 14, l + 21 = 4*y. Let q(u) = -u**3 + 4*u**2 - 5. Let i be q(y). Let t(b) = 2*b + 4. Give t(i).
-6
Let a(p) = p**2 + 5*p + 4. Let f(j) = -j**3 - 5*j**2 - 5*j - 10. Let q be f(-4). Calculate a(q).
10
Suppose -3*d - 1 = 3*u - 4*u, 0 = -4*d - 3*u + 16. Let s(f) be the second derivative of -f**5/5 + f**4/12 + f**3/6 - f**2/2 - 3*f. Determine s(d).
-3
Let t(n) be the first derivative of n**3/3 + n**2/2 - n + 3. Suppose -v - 3 = 2*v. Let q = v - 0. Determine t(q).
-1
Let d(a) = a**3 + 4*a - 2. Let b(k) = -k**3 - 3*k + 2. Let j(g) = 4*b(g) + 3*d(g). Let y = -4 + 1. Let n(h) = -h - 3. Let q be n(y). What is j(q)?
2
Let i = -212 - -207. Let l(r) = 2*r. Determine l(i).
-10
Let m(x) be the second derivative of x**5/20 + x**3/6 + 2*x**2 - 31*x. What is m(0)?
4
Let h(x) = -x**3 + 19*x**2 - 5. Let t be h(19). Let w(f) = 2 + f - 2. Give w(t).
-5
Let i(m) be the first derivative of 0*m + m**3 - 2*m + 1 + 0*m**3. Let p(s) = s**3 + 20*s**2 + 19*s - 2. Let n be p(-19). Give i(n).
10
Let y(t) be the first derivative of -t**4/4 + t**3 + t + 17. What is y(3)?
1
Let r = -1 + -6. Let f = 3 - 7. Let j = f - r. Let v(q) = q**3 - 5*q**2 + 4*q - 2. Give v(j).
-8
Let n = 1 - 1. Let u(h) = 2*h - 3*h + 0 + n*h**2 + 2 + 2*h**2. Let c be 8/3 + 2/(-3). Calculate u(c).
8
Let p(l) = l + 7. Suppose g = 6*g - 4*d + 38, 4*g + 34 = 5*d. What is p(g)?
1
Let m(n) = n**3 + 4*n**2 + 3*n - 2. Let z be m(-3). Let a(o) be the third derivative of o**5/30 - o**3/3 + o**2. Determine a(z).
6
Let x(a) = -a**2 + 10*a - 11. Let l be x(8). Let n(z) be the second derivative of 0 + 1/6*z**4 + 2*z + 0*z**2 - 1/3*z**3 + 1/10*z**l. Give n(-2).
-4
Let l be (-8 - 0)*(4 + -5). Let r(q) = -8*q**3 - q**2 + 4*q**3 - l*q**3. What is r(-1)?
11
Let s(h) = -h + 1. Let n be s(-1). Suppose 13 = -3*r - n. Let t(j) = j**3 + 4*j**2 - 3*j + 6. Give t(r).
-4
Suppose 15*q - 14*q - 2 = 0. Let c(l) = -4*l**2 + 4*l**q + 2*l**2 - 8 - l**2 + 5*l. What is c(-7)?
6
Let z(u) = -u**2 + u - 9. Let w be z(0). Let r = 11 + w. Let l(p) = -p**2 + 1. Give l(r).
-3
Let l(p) = -3*p - p**2 + 21 - 34 + 21. Give l(-6).
-10
Let w = 1 - 4. Let t(m) = -m**3 - 3*m**2 - 2*m + 3. Determine t(w).
9
Let k = 15 - 21. Let v(d) = -d + 0*d + 0*d + 1. What is v(k)?
7
Let q(p) be the first derivative of p**4/4 + p**3 - 2*p**2 - 2*p + 10. Let s(h) = h**3 - 8*h**2 + 8*h - 5. Let l be s(7). Suppose -v = l*v + 12. Calculate q(v).
-2
Let g(s) be the second derivative of 5/6*s**3 - s + 0 + 5/2*s**2 - 1/12*s**4. Determine g(4).
9
Suppose 2*z - 1 = x + 5, -2*x + 4 = 4*z. Let p = -2 - z. Let q(r) = r**3 + 5*r**2 + 2*r - 4. Determine q(p).
4
Suppose 0 = 4*s, 4*g - 5*s + 8 = -4. Let p(m) be the third derivative of m**4/8 + m**3/3 - m**2. What is p(g)?
-7
Let w(q) = -2*q**3 - 4*q**2 + 11*q + 5. Let v(s) = s**3 + 2*s**2 - 5*s - 2. Let y(n) = 5*v(n) + 2*w(n). Determine y(-3).
0
Let s(j) be the third derivative of -j**4/12 + j**2. Let h = 14 + -11. Suppose -4*o + 14 = r - 3, h*r - 1 = -2*o. Give s(r).
6
Let v(i) = -i**2 + 195*i - 189*i + 7 + 0*i**2. Determine v(7).
0
Let d(x) be the third derivative of 1/120*x**6 + x**2 + 0*x + 0 - 1/10*x**5 + 1/6*x**4 + 5/6*x**3. Let z be 20/(-4)*(-2 + 1). Give d(z).
0
Let r(x) = -3*x - 1. Let n(o) = 5*o + 3. Let t(y) = -2*n(y) - 5*r(y). Suppose 183*b = 189*b + 6. Give t(b).
-6
Let o(t) be the first derivative of -11*t**4/4 + t**3/3 + t**2/2 - t - 5. Determine o(1).
-10
Let p(b) = -4*b**2 - 2*b + 1. Suppose 5*i - 35 = 5*x, -16 = 3*x - 2*i - 0*i. Give p(x).
-11
Let g be (-3)/(2*(-2)/4). Let c(a) = -2*a**2 + 3 - a**g + 0 - 5*a - 3*a**2 - 2. Give c(-4).
5
Let q(i) be the third derivative of -i**5/20 + i**4/24 - 13*i**2. Determine q(-1).
-4
Let d(g) = 2*g**2 + 7*g**2 - g - g**2. Let v(z) = -4*z - 35. Let w be v(-9). Determine d(w).
7
Suppose 0 = -7*v + 2*v + 25. Suppose 2*z - i = 10, -3 = 3*i + 3. Let p(b) = -b**2 - 4 + z*b + 4 - 1. Calculate p(v).
-6
Let c(r) = -r**2 - 2*r - 1 + r**3 - r**2 - r**2 + 0. Determine c(3).
-7
Let d be 3/(3/(-4)) - 1. Let n = -5 - d. Suppose c - 3*i = n, -5*c = 5*i + 28 - 8. Let z(x) = x**3 + 2*x**2 - x + 3. What is z(c)?
-3
Let t be (1 + (-3)/5)/((-5)/25). Let y(a) = a + 4. Give y(t).
2
Let a(y) = -y**3 - 8*y**2 - 6*y + 6. Suppose 3*k + 3 + 2 = f, -5*k - 12 = 2*f. Let j(l) = 8*l**3 - 2*l - 1. Let s be j(f). What is a(s)?
-1
Let j(d) = -5*d - 9*d**2 + 2 + 12*d**2 + 0. Give j(3).
14
Let k(b) = -b**3 - 5*b**2 - 7. Suppose -3*q + 6*q = 12. Suppose -x = -5*x - q. Let d be (-1)/(x - (-12)/10). Determine k(d).
-7
Let z(w) = 4*w**2 + 3*w - 1 - 4 - 8*w**2 + 2*w**3 - 3*w**3. Determine z(-5).
5
Let x(v) = -6*v**2 + 6*v - 1. Let d(k) = 5*k**2 - 5*k. Let a(m) = -5*d(m) - 4*x(m). Let f(w) = 0*w + 0 - 4 - w. Let p be f(-8). Calculate a(p).
-8
Let x(g) = 5. Let d(b) = b - 20. Let w(t) = 2*d(t) + 9*x(t). Determine w(7).
19
Let v be -2 + (-118)/120 + 3. Let s(f) be the third derivative of 2/3*f**3 + 1/12*f**4 + 0*f + 0 + f**2 - v*f**5. What is s(4)?
-4
Let h(l) = -431*l - 1 + 431*l + 4*l**2. Determine h(1).
3
Let a(d) be the first derivative of -d**5/120 + d**4/12 + 2*d**3/3 + 1. Let q(t) be the third derivative of a(t). Determine q(4).
-2
Let b(o) = 3*o**3 + o**2 - 3*o - 2. Let y be b(-2). Let x = -16 - y. Let l(h) = h - 13. Give l(x).
-13
Let q(t) be the first derivative of -3*t**2 + t + 2. Determine q(1).
-5
Let s = 8 + -8. Suppose s = -i - 0*i. Let r(b) = b**3 - b**2 + b + 4. Determine r(i).
4
Let w(p) = -p - 13. Let d = 5 + 7. Suppose v - 3*v - d = 0. What is w(v)?
-7
Let j(s) = -23 + 23 + 25*s. Let r(l) = 2*l. Let h(c) = 3*j(c) - 40*r(c). Calculate h(3).
-15
Let y(a) = -3*a + 3. Let p(v) = v - 1. Let o(l) = 4*p(l) + y(l). Determine o(-9).
-10
Let p(c) = -2*c**3 - c**2 + 4*c + 5. Let x(l) = -l**3 - l**2 + 3*l + 5. Let v(t) = -2*p(t) + 3*x(t). Give v(0).
5
Let q(x) be the first derivative of x**3/3 + 4*x + 1. Let f be -2 - (1 + -13)/2. Suppose -2*p = -y - 8, 4 = 4*y + f*p - 3*p. Calculate q(y).
4
Let p(x) = -4 + 1 + 0 - x. Let m be -7 - (-2 - (3 - 6) - 2). Calculate p(m).
3
Let x(b) = 2*b - b + 2 - 3. Let o(s) = -3*s. Let n(y) = o(y) + 2*x(y). What is n(-1)?
-1
Let z(o) = -o**2 - o - 1. Let n(m) = m**2 - 4*m - 5. Let u(r) = -3*r**2 + 11*r + 14. Let q(s) = -11*n(s) - 4*u(s). Let y(h) = -q(h) + z(h). What is y(-2)?
-6
Let o(p) = -p**2 - 5*p + 3. Let k(h) = -4*h. Let g be k(-1). Suppose a + g*a + 25 = 0. Give o(a).
3
Let w(g) = -2*g - 1 + 5 + g**2 - 3*g**2 - 2. Determine w(-2).
-2
Let i(u) = -5*u**3 + 7*u**2 - 14*u + 5. Let f(y) = 4*y**3 - 7*y**2 + 13*y - 5. Let p(l) = 6*f(l) + 5*i(l). Give p(-8).
-5
Let g(h) = h**2 + 4*h + 2. Let z = 9 - 1. Suppose 2*a - 10 = -2*x, 3*a + 3*x - 39 = z*x. Let y be (-3)/(-12) + (-26)/a. Determine g(y).
-1
Let b = 101 - 98. Let w(y) = 3*y - 2. Determine w(b).
7
Let g be 4/(-6)*(-6)/2. Let r(v)